 is divided by 90.
89
Calculate the remainder when 53 is divided by 40.
13
What is the remainder when 2168 is divided by 33?
23
Calculate the remainder when 1553 is divided by 14.
13
What is the remainder when 758 is divided by 95?
93
What is the remainder when 1058 is divided by 70?
8
What is the remainder when 635 is divided by 131?
111
What is the remainder when 176 is divided by 45?
41
What is the remainder when 166 is divided by 67?
32
What is the remainder when 5241 is divided by 38?
35
What is the remainder when 270 is divided by 31?
22
Calculate the remainder when 1520 is divided by 124.
32
Calculate the remainder when 1450 is divided by 77.
64
Calculate the remainder when 454 is divided by 13.
12
What is the remainder when 4196 is divided by 19?
16
Calculate the remainder when 182 is divided by 100.
82
What is the remainder when 283 is divided by 109?
65
Calculate the remainder when 92 is divided by 73.
19
What is the remainder when 451 is divided by 54?
19
What is the remainder when 169 is divided by 22?
15
What is the remainder when 47149 is divided by 28?
25
What is the remainder when 64 is divided by 38?
26
What is the remainder when 348 is divided by 16?
12
Calculate the remainder when 6276 is divided by 69.
66
What is the remainder when 59 is divided by 10?
9
Calculate the remainder when 766 is divided by 6.
4
Calculate the remainder when 2056 is divided by 14.
12
What is the remainder when 19 is divided by 9?
1
Calculate the remainder when 1398 is divided by 94.
82
Calculate the remainder when 1331 is divided by 58.
55
What is the remainder when 99 is divided by 23?
7
What is the remainder when 63 is divided by 40?
23
What is the remainder when 1923 is divided by 74?
73
Calculate the remainder when 492 is divided by 11.
8
What is the remainder when 761 is divided by 53?
19
Calculate the remainder when 12851 is divided by 189.
188
What is the remainder when 105 is divided by 12?
9
Calculate the remainder when 151 is divided by 88.
63
Calculate the remainder when 23 is divided by 11.
1
Calculate the remainder when 1186 is divided by 36.
34
Calculate the remainder when 1067 is divided by 269.
260
What is the remainder when 6745 is divided by 14?
11
Calculate the remainder when 500 is divided by 164.
8
Calculate the remainder when 1857 is divided by 19.
14
What is the remainder when 857 is divided by 10?
7
What is the remainder when 37 is divided by 17?
3
Calculate the remainder when 6414 is divided by 30.
24
What is the remainder when 19504 is divided by 235?
234
Calculate the remainder when 2191 is divided by 25.
16
What is the remainder when 1291 is divided by 318?
19
Calculate the remainder when 488 is divided by 14.
12
Calculate the remainder when 69 is divided by 13.
4
Calculate the remainder when 101 is divided by 6.
5
Calculate the remainder when 378 is divided by 63.
0
What is the remainder when 4231 is divided by 30?
1
What is the remainder when 241 is divided by 41?
36
What is the remainder when 418 is divided by 42?
40
What is the remainder when 76 is divided by 24?
4
Calculate the remainder when 147 is divided by 77.
70
What is the remainder when 565 is divided by 184?
13
What is the remainder when 436 is divided by 41?
26
What is the remainder when 745 is divided by 261?
223
What is the remainder when 2130 is divided by 164?
162
Calculate the remainder when 3245 is divided by 13.
8
What is the remainder when 68 is divided by 22?
2
What is the remainder when 82 is divided by 29?
24
What is the remainder when 321 is divided by 54?
51
Calculate the remainder when 1018 is divided by 102.
100
Calculate the remainder when 209 is divided by 88.
33
What is the remainder when 156 is divided by 70?
16
What is the remainder when 1964 is divided by 106?
56
Calculate the remainder when 88 is divided by 10.
8
Calculate the remainder when 367 is divided by 62.
57
Calculate the remainder when 301 is divided by 113.
75
Calculate the remainder when 292 is divided by 59.
56
Calculate the remainder when 879 is divided by 8.
7
What is the remainder when 1832 is divided by 34?
30
What is the remainder when 287 is divided by 70?
7
Calculate the remainder when 1726 is divided by 112.
46
What is the remainder when 114 is divided by 15?
9
What is the remainder when 192 is divided by 7?
3
What is the remainder when 87 is divided by 24?
15
Calculate the remainder when 36154 is divided by 262.
260
Calculate the remainder when 372 is divided by 133.
106
Calculate the remainder when 1099 is divided by 17.
11
What is the remainder when 342 is divided by 15?
12
Calculate the remainder when 14701 is divided by 29.
27
What is the remainder when 305 is divided by 9?
8
What is the remainder when 2222 is divided by 1104?
14
What is the remainder when 12860 is divided by 59?
57
Calculate the remainder when 343 is divided by 89.
76
What is the remainder when 329 is divided by 78?
17
Calculate the remainder when 446 is divided by 147.
5
What is the remainder when 313 is divided by 139?
35
What is the remainder when 83 is divided by 43?
40
What is the remainder when 14642 is divided by 101?
98
Calculate the remainder when 107 is divided by 24.
11
Calculate the remainder when 159 is divided by 80.
79
Calculate the remainder when 1124 is divided by 30.
14
Calculate the remainder when 159 is divided by 55.
49
What is the remainder when 1289 is divided by 162?
155
What is the remainder when 5491 is divided by 1827?
10
What is the remainder when 554 is divided by 80?
74
Calculate the remainder when 367 is divided by 54.
43
What is the remainder when 176 is divided by 36?
32
What is the remainder when 1377 is divided by 105?
12
What is the remainder when 257 is divided by 133?
124
Calculate the remainder when 663 is divided by 52.
39
What is the remainder when 64 is divided by 29?
6
What is the remainder when 162 is divided by 31?
7
What is the remainder when 839 is divided by 7?
6
What is the remainder when 186 is divided by 102?
84
What is the remainder when 303 is divided by 41?
16
What is the remainder when 12323 is divided by 26?
25
Calculate the remainder when 12 is divided by 4.
0
Calculate the remainder when 170 is divided by 24.
2
Calculate the remainder when 650 is divided by 21.
20
Calculate the remainder when 202 is divided by 38.
12
Calculate the remainder when 1882 is divided by 157.
155
Calculate the remainder when 51 is divided by 9.
6
Calculate the remainder when 1530 is divided by 59.
55
Calculate the remainder when 230 is divided by 21.
20
What is the remainder when 334 is divided by 31?
24
Calculate the remainder when 602 is divided by 44.
30
Calculate the remainder when 128 is divided by 22.
18
Calculate the remainder when 76 is divided by 12.
4
Calculate the remainder when 117 is divided by 60.
57
Calculate the remainder when 267 is divided by 90.
87
Calculate the remainder when 80 is divided by 55.
25
What is the remainder when 150 is divided by 30?
0
What is the remainder when 92 is divided by 20?
12
Calculate the remainder when 591 is divided by 122.
103
What is the remainder when 20 is divided by 16?
4
What is the remainder when 87 is divided by 37?
13
Calculate the remainder when 205 is divided by 58.
31
Calculate the remainder when 1310 is divided by 93.
8
What is the remainder when 411 is divided by 97?
23
Calculate the remainder when 139 is divided by 14.
13
Calculate the remainder when 1134 is divided by 16.
14
What is the remainder when 79 is divided by 12?
7
What is the remainder when 83 is divided by 58?
25
Calculate the remainder when 331 is divided by 78.
19
What is the remainder when 106 is divided by 56?
50
Calculate the remainder when 195 is divided by 41.
31
Calculate the remainder when 323 is divided by 54.
53
Calculate the remainder when 167 is divided by 11.
2
Calculate the remainder when 189 is divided by 16.
13
What is the remainder when 926 is divided by 37?
1
What is the remainder when 1922 is divided by 52?
50
What is the remainder when 220 is divided by 124?
96
Calculate the remainder when 412 is divided by 402.
10
Calculate the remainder when 209 is divided by 21.
20
Calculate the remainder when 19369 is divided by 1383.
7
What is the remainder when 110 is divided by 3?
2
Calculate the remainder when 1056 is di